ghest common divisor of z and g?
31
Let t = 53 + -48. What is the greatest common divisor of 115 and t?
5
Let s(x) = -6*x - 12. Let b be s(-8). Suppose 3*w - 2*w - b = 0. Calculate the greatest common divisor of w and 9.
9
Suppose 0 = 2*t + 2*t - 72. Suppose 0 = -3*r - 4*i + 34 + 105, 3*i + 177 = 4*r. What is the highest common divisor of t and r?
9
Let o(u) = -u**2 - 23*u + 19. Let s be o(-24). Let r be ((-6)/s)/(27/270). What is the greatest common divisor of r and 48?
12
Suppose -p + 1862 - 1736 = 0. What is the highest common divisor of p and 3150?
126
Let q(x) = 54*x - 58. Let r be q(-5). Let m = -223 - r. What is the highest common divisor of m and 15?
15
Let t = -108 - -168. What is the greatest common divisor of 36 and t?
12
Let p be (-216)/54*3/(-2). What is the greatest common factor of p and 294?
6
Let d = -474 + 607. Calculate the greatest common divisor of 38 and d.
19
Let i = 88 - 39. Let g be 0 - ((-20)/5 + -3). What is the highest common factor of g and i?
7
Let w = 894 - 361. Calculate the greatest common divisor of w and 26.
13
Suppose 5*t - 22 = -r, 5*t - r = 4*r + 10. Let q be t - -1*2 - 0. Let f = -166 - -172. Calculate the greatest common divisor of f and q.
6
Let q(y) = y**3 - 4*y**2 - 8*y - 8. Let j be q(6). Suppose -7 + 23 = v. What is the greatest common factor of j and v?
16
Suppose -3*x = 5*c - 47, -2*x = 3*c - 4*c - 1. Let a be 14*42/12*4/28. What is the greatest common divisor of c and a?
7
Let a = -208 + 392. What is the highest common factor of 230 and a?
46
Let g(v) = v**3 - 8*v**2 - 5*v - 11. Let u be (4/2 - -10) + (-51)/17. Let f be g(u). Calculate the highest common divisor of f and 150.
25
Let p be 2*(15*1 + -2). Let g(u) = -196*u - 262. Let i be g(-2). What is the highest common factor of i and p?
26
Suppose -2*j + 7 = -63. Suppose 0 = z - 2*l + 10, 0 = -5*z - l - 48 - 57. Let t = z - -55. Calculate the highest common factor of j and t.
35
Let a be (-5 - -4 - -226) + -1. Calculate the highest common factor of 32 and a.
32
Let o = -1383 - -1447. Calculate the highest common divisor of 32 and o.
32
Suppose 7*d - 70 = -3*m + 2*d, 0 = 2*m + 4*d - 50. Let o = 8 + -4. Let q = m - o. Calculate the greatest common factor of 11 and q.
11
Let z(v) = 2*v**2 - 34*v + 14. Let n be z(17). What is the highest common factor of n and 322?
14
Let c = 17 + -15. Let j be -6*(9/c)/(-3). Suppose -3*k - 1 + 4 = 0. Calculate the greatest common factor of k and j.
1
Let c(f) = 3*f**2 + 10*f - 90. Let y be c(12). What is the greatest common factor of y and 198?
66
Let r = -191 - -335. What is the highest common factor of r and 18?
18
Let t be -1 - 6*(-4)/2. Suppose -5*k - 4*k = 5*k. Suppose -a - 4*z + k*z + 3 = 0, -4*a + 42 = z. Calculate the highest common divisor of a and t.
11
Suppose -q + 0 + 4 = 0. Suppose q*k + 312 - 80 = 0. Let u = -36 - k. Calculate the highest common divisor of u and 66.
22
Let i be -4*(-3 - (0 + -1)). Suppose s - 4*s + 5*n = -148, -5*n + 20 = 0. Suppose 0 = 5*k - 4*k - s. Calculate the highest common factor of i and k.
8
Let q = 123 - 123. Suppose -9*f + 818 - 8 = q. What is the highest common divisor of 10 and f?
10
Let d(x) = 20*x + 0*x**2 - 2*x + x**2 - 69 - 2*x**2. Let q be d(11). What is the greatest common factor of q and 104?
8
Let k(h) be the first derivative of 9*h**2 + 8*h + 2. Let f be k(8). Calculate the greatest common factor of 19 and f.
19
Suppose 110 + 82 = 4*y. What is the highest common factor of 176 and y?
16
Let q be ((-106)/(-159))/((-4)/(-102)). Calculate the highest common factor of 51 and q.
17
Let t(g) = -g**3 - g**2 + 21*g + 54. Let i be t(-4). Calculate the highest common divisor of 306 and i.
18
Let u be (70/21)/(1/126). Suppose -2*i - u = -7*i. Calculate the highest common factor of 21 and i.
21
Let a(k) be the third derivative of -k**6/40 - k**5/10 + 7*k**4/24 + 2*k**3/3 + 6*k**2. Let x be a(-3). Calculate the greatest common factor of 20 and x.
10
Suppose 0*q - 5*q = 3*l - 101, 2*q + 19 = l. Let a(p) = 11*p - 6 + 11*p - l*p. Let d be a(-8). What is the highest common factor of d and 51?
17
Let d = -135 - -155. What is the highest common factor of d and 130?
10
Suppose 24*c - 110 = 13*c. Calculate the greatest common divisor of c and 4.
2
Suppose 18 = 3*g - 78. Let s = 194 + -130. Calculate the highest common divisor of g and s.
32
Suppose -37*n = -1337 + 1263. Let m = -2 - -5. Let v be -1*(m + -1)*-8. Calculate the greatest common factor of v and n.
2
Let o(u) = -2*u - 4*u + 7 + 0*u**2 - u**2 + 0*u. Let f be o(-6). Suppose -61 + 215 = 2*q. Calculate the highest common factor of f and q.
7
Suppose 43 = 5*r - 3*d, 3*r - 2*d - 22 = -4*d. Calculate the highest common factor of 24 and r.
8
Suppose 39*t = -10*t + 13475. What is the highest common divisor of 66 and t?
11
Let g(q) = -q**3 - 9*q**2 - 8*q - 28. Let h be g(-7). Let x be (h/25)/((-1)/30). Calculate the highest common divisor of x and 12.
12
Let q = 272 + -265. What is the greatest common divisor of 567 and q?
7
Let b(n) = -180*n - 200. Let k be b(-2). What is the highest common divisor of k and 100?
20
Let r(q) = -3*q - q**3 - 7*q**2 - 2 + 3 - 2. Let m be r(-7). Suppose -2*o - 4 = -12. What is the highest common factor of o and m?
4
Let x = -5 - -10. Suppose -2*v + 28 = 2*v + 4*c, x*v - 4*c + 10 = 0. Suppose -v*w + 96 = 4*w. Calculate the greatest common factor of 40 and w.
8
Let t = -1 + 13. Let z be (0*4/(-8))/((-1)/(-1)). Suppose -4*w = -4*r - 8, z*r = -2*w - 3*r + 14. Calculate the greatest common factor of t and w.
4
Let w = 155 - 75. What is the greatest common factor of w and 20?
20
Suppose 0 = 2*h - o - 43, -4*h = o - 6*o - 89. Let c be (-9)/4*-3 - 52/(-208). What is the greatest common factor of c and h?
7
Let x = 236 + -146. What is the highest common factor of x and 54?
18
Suppose -i - 3*i = -16. Let b(s) be the second derivative of s**4/12 + s**3 - 6*s**2 + s. Let f be b(-8). Calculate the greatest common factor of i and f.
4
Suppose 2*t = 4*i - 987 + 239, 5*t - 776 = -4*i. Suppose -5*m = -3*n - 4, m + 3*m = 5*n + 11. Let g = m + 28. Calculate the greatest common divisor of g and i.
27
Let z(p) = 30*p**2 + 21*p + 79. Let l be z(-4). Calculate the greatest common factor of 50 and l.
25
Let u(r) = r**3 + 6*r**2 + 9*r + 5. Let l be u(-4). Suppose -5*y + 50 = -5*k, -4*k - 12 = -3*y - 7*k. What is the highest common factor of y and l?
1
Let u = -444 - -474. Calculate the highest common divisor of u and 6.
6
Let a be (-20)/90 + (-40)/(-18). Let j(x) = x - 10. Let k be j(14). Let u = 10 - k. Calculate the greatest common factor of a and u.
2
Suppose 1177 = 3*m - 4*u, -5*m = -2*m + 5*u - 1222. What is the greatest common factor of 931 and m?
133
Let m be 52/(-10)*85/(-34). What is the greatest common factor of 117 and m?
13
Let p be 26 - (0 - -4) - 1. Calculate the greatest common factor of p and 1029.
21
Let m(w) = -w**3 - 8*w**2 - 13*w - 38. Let s be m(-8). Calculate the greatest common divisor of s and 308.
22
Suppose -1137*g + 1139*g - 14 = 0. Suppose -4*m = 3*i - 244, -5*i = 2*m + 2*m - 412. Suppose 0 = l + 3*l - i. Calculate the greatest common divisor of l and g.
7
Suppose -23*c = 17 - 86. What is the highest common divisor of 45 and c?
3
Let d be 10/8 - (-4296)/96. What is the highest common factor of d and 230?
46
Suppose -2*y + 108 = -0*y. Let k(u) be the first derivative of u**3/3 - 5*u**2/2 + 4. Let m be k(9). Calculate the highest common factor of y and m.
18
Let p(r) = 16*r**2 + 8*r + 10. Let d be p(7). What is the greatest common divisor of d and 34?
34
Suppose -6*n + 19 = 331. Let f be n/(-5)*30/12. Let q(k) = -k**2 - k + 65. Let j be q(0). What is the highest common divisor of f and j?
13
Let j = -288 + 332. Calculate the highest common divisor of j and 132.
44
Let u(j) = j**2 - 22*j - 219. Let s be u(31). What is the highest common divisor of s and 390?
30
Let u be (31 - 26) + -1 + 1 - -220. Calculate the highest common factor of u and 27.
9
Let z = 263 - -45. Suppose 5*g = 3*k + 416, -3*g - k - 64 = -z. Calculate the greatest common factor of 205 and g.
41
Let p be (10/(-2))/(10/(-4)). Suppose i - 5 = 2*t, -4*t - p = -i + 3. Calculate the greatest common factor of 45 and i.
5
Let n(i) = -i**2 - 7*i + 5. Let m be 160/(-25) + 4/10. Let c be n(m). Calculate the highest common divisor of 77 and c